2?
False
Does 149 divide 9566396?
True
Does 9 divide 34193200?
False
Is 2983938862 a multiple of 2245?
False
Does 74 divide 38712371?
False
Is 267671895 a multiple of 42?
False
Does 402 divide 2345786580?
True
Is 2497580316 a multiple of 298?
True
Is 24 a factor of 25715709?
False
Does 6 divide 19028804?
False
Does 106 divide 19928318?
True
Is 58 a factor of 8360236?
True
Is 983980490 a multiple of 3514?
False
Is 463 a factor of 149882360?
True
Is 41565843 a multiple of 43?
False
Is 213 a factor of 28031439?
True
Is 32 a factor of 994641248?
True
Does 722 divide 400307713?
False
Is 4 a factor of 8273914?
False
Does 272 divide 304154585?
False
Is 16 a factor of 219681872?
True
Is 32 a factor of 138064992?
True
Is 391 a factor of 116962567?
True
Does 702 divide 542799036?
True
Does 22 divide 401143094?
True
Is 34660118 a multiple of 4?
False
Does 2324 divide 588137379?
False
Is 206736886 a multiple of 22?
False
Does 8 divide 305411441?
False
Is 37490302 a multiple of 47?
True
Is 2164 a factor of 11317720?
True
Does 6986 divide 1897052975?
False
Does 1361 divide 409661?
True
Is 522 a factor of 50447124?
True
Is 338514780 a multiple of 12234?
True
Is 107674451 a multiple of 4687?
True
Is 411218452 a multiple of 23?
False
Is 103 a factor of 1820195755?
False
Does 113 divide 3090776?
True
Is 46190250 a multiple of 50?
True
Does 729 divide 10599660?
True
Is 4540466 a multiple of 14?
True
Is 44006544 a multiple of 276?
True
Is 742907169 a multiple of 50?
False
Is 23909321 a multiple of 71?
True
Does 2083 divide 251841513?
False
Does 2470 divide 27295970?
True
Does 2602 divide 30218097?
False
Is 1637779 a multiple of 4?
False
Is 1041331770 a multiple of 9?
True
Is 3295 a factor of 41965714?
False
Is 254415252 a multiple of 5614?
True
Does 3 divide 63044666?
False
Does 41 divide 22506991?
True
Is 321243960 a multiple of 2364?
True
Is 13 a factor of 996420581?
True
Is 29433066 a multiple of 39?
True
Is 7 a factor of 7962850?
True
Is 289305070 a multiple of 3140?
False
Is 212 a factor of 525109372?
True
Does 2 divide 56944?
True
Is 26 a factor of 2902770?
True
Does 11 divide 319492052?
True
Does 11 divide 143740190?
True
Is 76 a factor of 21058647?
False
Is 306 a factor of 4727088?
True
Is 59 a factor of 9398169?
True
Does 165 divide 2936918820?
True
Does 377 divide 346412288?
False
Does 23 divide 7008698?
True
Is 211014034 a multiple of 319?
True
Is 34 a factor of 1238251112?
False
Is 158282483 a multiple of 2057?
False
Is 2266722097 a multiple of 29?
False
Does 635 divide 1782813?
False
Does 152 divide 231020040?
False
Is 696 a factor of 135210061?
False
Does 28 divide 255192346?
False
Does 15 divide 110644820?
False
Is 10 a factor of 3229239?
False
Does 8 divide 815495804?
False
Is 28 a factor of 774177208?
True
Does 108 divide 727258831?
False
Is 10 a factor of 65377490?
True
Does 39 divide 1040157261?
True
Does 932 divide 49125720?
True
Is 180660794 a multiple of 94?
False
Is 49 a factor of 2220505?
False
Is 146 a factor of 853426064?
True
Is 300758785 a multiple of 520?
False
Is 2744500 a multiple of 11?
True
Is 358 a factor of 4761506?
False
Is 867335868 a multiple of 2058?
True
Is 2392 a factor of 206534848?
True
Is 95569002 a multiple of 5810?
False
Does 4681 divide 3956806351?
False
Is 52 a factor of 7607449?
False
Is 1738 a factor of 3161422?
True
Is 6326065 a multiple of 971?
True
Does 1191 divide 3564630022?
False
Does 32 divide 1545036271?
False
Does 4131 divide 131931747?
True
Is 19 a factor of 87017099?
False
Is 70 a factor of 423333540?
True
Is 34 a factor of 458071004?
False
Is 196169940 a multiple of 575?
False
Is 213 a factor of 1472097?
False
Is 23 a factor of 2580511091?
False
Does 30 divide 79367400?
True
Is 108 a factor of 3874288068?
False
Does 191 divide 12092783?
True
Is 157037 a multiple of 2?
False
Is 5 a factor of 176170?
True
Is 10244290 a multiple of 12?
False
Is 87 a factor of 231292980?
True
Is 15415054 a multiple of 76?
False
Is 139 a factor of 6546483?
True
Is 455 a factor of 77127693?
False
Does 61 divide 4342052?
False
Is 19 a factor of 491405740?
True
Does 7094 divide 117746212?
True
Is 20699547 a multiple of 123?
True
Is 6 a factor of 16724279?
False
Does 19 divide 146535999?
True
Does 75 divide 433849500?
True
Is 2671025685 a multiple of 248?
False
Is 37993611 a multiple of 823?
False
Is 717504394 a multiple of 1019?
True
Is 5 a factor of 880305?
True
Is 87 a factor of 24349299?
True
Is 14306025 a multiple of 5?
True
Is 784 a factor of 1145412148?
False
Is 180136320 a multiple of 120?
True
Does 13 divide 8843611?
False
Is 39 a factor of 523224?
True
Does 2133 divide 103249225?
False
Is 37741991 a multiple of 17?
False
Is 21 a factor of 46249791?
True
Is 192436231 a multiple of 3394?
False
Does 12 divide 257159064?
True
Is 217077846 a multiple of 258?
True
Does 2440 divide 439043690?
False
Is 441 a factor of 70390667?
False
Is 411 a factor of 46461906?
True
Is 16 a factor of 86245120?
True
Is 69550506 a multiple of 168?
False
Does 6 divide 464512374?
True
Is 7 a factor of 161867174?
True
Does 39 divide 41969343?
True
Is 2193630 a multiple of 30?
True
Is 73064322 a multiple of 1518?
False
Is 2609304915 a multiple of 755?
True
Does 17 divide 489116537?
True
Is 8 a factor of 160764013?
False
Does 2638 divide 52750475?
False
Is 1095 a factor of 1286995314?
False
Does 12 divide 1643168370?
False
Is 11 a factor of 48199715?
False
Is 246 a factor of 83107715?
False
Is 62914572 a multiple of 21?
True
Is 20260257 a multiple of 14?
False
Does 2213 divide 119891488?
True
Is 17 a factor of 360608165?
True
Does 5 divide 92873383?
False
Is 103896960 a multiple of 320?
True
Is 303 a factor of 17786403?
True
Is 467 a factor of 625299924?
True
Does 176 divide 4705712?
True
Does 36 divide 123042348?
True
Does 1074 divide 929815500?
True
Is 2477 a factor of 24333054?
False
Is 301175892 a multiple of 92?
True
Is 455 a factor of 120485134?
False
Is 8 a factor of 145899264?
True
Does 20 divide 49891586?
False
Is 434196391 a multiple of 1007?
False
Does 808 divide 938685920?
True
Is 654727530 a multiple of 1970?
True
Is 9209290 a multiple of 4?
False
Is 817910 a multiple of 89?
True
Is 1584791879 a multiple of 16?
False
Does 1705 divide 331538078?
False
Does 188 divide 11812974?
False
Is 388 a factor of 13051156?
True
Is 132 a factor of 6016145?
False
Is 7197 a factor of 1212816506?
False
Does 200 divide 9497645?
False
Is 949 a factor of 151212133?
False
Is 7943 a factor of 346929287?
False
Is 150908864 a multiple of 64?
True
Is 1387 a factor of 160036876?
False
Does 22 divide 68011310?
False
Does 261 divide 93383271?
False
Does 577 divide 26394865?
True
Is 6 a factor of 83587080?
True
Does 15 divide 147106956?
False
Is 84 a factor of 42494928?
True
Does 478 divide 49471470?
False
Is 1678406477 a multiple of 14?
False
Is 85921206 a multiple of 238?
False
Is 38 a factor of 1201007531?
False
Is 18279126 a multiple of 923?
False
Does 185 divide 44037652?
False
Is 7049903 a multiple of 14?
False
Does 340 divide 229734260?
True
Does 7010 divide 452292210?
True
Is 1622698733 a multiple of 172?
False
Is 467879499 a multiple of 1797?
True
Does 388 divide 6625579?
False
Is 116 a factor of 6220332?
False
Is 65 a factor of 868460990?
False
Does 14 divide 1888660788?
True
Is 25627619 a multiple of 23?
False
Does 10 divide 29549032?
False
Is 355264243 a multiple of 5?
False
Is 293968984 a multiple of 101?
True
Is 12330870 a multiple of 31?
True
Does 25 divide 12102438?
False
Does 60 divide 7729270?
False
Is 57 a factor of 19344342?
False
Is 50027225 a multiple of 1675?
True
Does 386 divide 68967669?
False
Is 32 a factor of 12636192?
True
Is 21 a factor of 121904936?
False
Is 53 a factor of 30239471?
False
Does 18 divide 2589026310?
True
Is 180 a factor of 5277240?
True
Is 22572147 a multiple of 479?
False
Does 155 divide 8655652?
False
Does 1683 divide 609486562?
False
Is 220571309 a multiple of 42?
False
Does 317 divide 2447226050?
False
Is 289321023 a multiple of 17?
False
Is 54 a factor of 68384932?
False
Is 22 a factor of 246221351?
False
Is 5339800 a multiple of 430?
False
Is 311 a factor of 222103194?
False
Is 237 a factor of 1832010?
True
Is 5124 a factor of 389024328?
True
Is 1559301 a multiple of 3?
True
Is 421245418 a multiple of 5?
Fal